?
2, 7
Let i = 32 - 16. Let y = 22 - i. What are the prime factors of y?
2, 3
Let d(l) = -4*l**3 + l**2 + l + 2. Let o be d(-2). Suppose o = n + n. List the prime factors of n.
2, 3
Suppose 0 = -j + 5*h + 65 + 41, h = -2*j + 234. List the prime factors of j.
2, 29
Let c(l) = l**3 + 13*l**2 - 2*l - 14. Let b be c(-13). Let u = 15 + -21. What are the prime factors of (-1)/(9/u)*b?
2
Let q(t) = -6*t**3 + 5*t**3 - 2*t**2 + 4*t**2 + 2*t**2 + 3*t. List the prime factors of q(4).
2, 3
Let b(o) = o**3 - 2*o - 1. Let w be b(-1). Suppose -5*s + 8 + 7 = w. List the prime factors of s.
3
Let j = -18 + 12. What are the prime factors of (j - -13)*72/14?
2, 3
Suppose i - 47 = -4*h + 10, -5*i - 60 = -3*h. List the prime factors of h.
3, 5
Let f(q) = -2*q - 5. Let s(h) = 5*h + 15. Let k(n) = -8*f(n) - 3*s(n). Let w be k(8). Suppose w*o - o - 20 = 0. What are the prime factors of o?
2, 5
Let j(h) = 4*h - 3. List the prime factors of j(6).
3, 7
Let b be 8/5*5/2. Suppose -5*u + 19 - b = 0. Suppose -6*w + w + 3*p = -47, u*w - 5*p = 25. What are the prime factors of w?
2, 5
Suppose -1187 = -8*r - 203. What are the prime factors of r?
3, 41
Let q = -2 - -2. Let x(h) = -h**3 - h + 3. Let v be x(q). Suppose s + s = -6, 3*s = -v*c + 21. What are the prime factors of c?
2, 5
Suppose 5*z - 4*z + 14 = 0. Let r be (2 + z/4)*-2. Suppose 3*q + 51 = 2*n, r*q - 2*q + 5 = 0. List the prime factors of n.
2, 3
Let q be 3/(3/(-2)) + 1. What are the prime factors of 2 - q - 102/(-6)?
2, 5
What are the prime factors of 3/((-54)/(-1042)) + (-3)/(-27)?
2, 29
Let g = 11 + -6. Suppose 0 = g*z + 8 - 3. What are the prime factors of (z + 3)*5/2?
5
Let i be (-9)/(-6)*(-2)/(-3). Let j = 6 - i. Suppose 2*v + d = 25, 5*v = 4*v - 2*d + j. What are the prime factors of v?
3, 5
Suppose 2*h = 4*h - 10. Suppose -4*n + h*a + 88 = 0, -2*n - a + 62 = a. Suppose -16 = 4*s, 0 = -3*q + 4*s + n - 2. What are the prime factors of q?
3
Suppose -f - 5 = -19. List the prime factors of f.
2, 7
Suppose 10*p = 221 + 39. List the prime factors of p.
2, 13
Let y = -105 - -214. What are the prime factors of y?
109
Suppose 4*d = 3*d + 3. Let c(k) = k**2 - 5*k - 1. Let f be c(d). Let p(m) = m + 17. What are the prime factors of p(f)?
2, 5
Let m = 22 + -22. Let z = m - -55. List the prime factors of z.
5, 11
Let k(n) = -n + 3. Let c(s) = 2*s - 7. Let r(m) = -4*c(m) - 9*k(m). Let h be r(-4). Let a = h - -5. List the prime factors of a.
2
Let j be (-4)/(-6) - 44/(-6). Let q = j - 0. Let p(a) = -a**3 + 7*a**2 + 8*a + 3. List the prime factors of p(q).
3
Suppose 0 = -69*o + 74*o - 430. List the prime factors of o.
2, 43
Let i(y) = y**3 - y**2 + y + 2. Let c be i(0). Suppose -3*d + 5*v = c*d - 40, 5*v + 5 = -2*d. What are the prime factors of d?
5
Let h(m) = -m + 7. What are the prime factors of h(-7)?
2, 7
Let o = -30 + 30. Let d(l) = l**2 - 7*l + 7. Let g be d(5). Let c = o - g. What are the prime factors of c?
3
Let a(z) = 10*z**2 + 3*z - 1. What are the prime factors of a(4)?
3, 19
Let q(z) = 25*z**2 + 2*z - 1. List the prime factors of q(1).
2, 13
Suppose 7*u + 297 - 2971 = 0. List the prime factors of u.
2, 191
Let f(w) = w**3 - 6*w**2 - 8*w + 3. Let h be f(7). What are the prime factors of (h + 2 + 6)*1?
2
Suppose -2*b + 7*b = 120. What are the prime factors of b?
2, 3
Suppose 0 = -5*m - y - 88, -4*m - 4*y - 82 + 18 = 0. List the prime factors of (-2)/(-9) + (-860)/m.
2, 3
Let o = -22 + 57. List the prime factors of o.
5, 7
Suppose 0 = 8*h - 9*h + 58. List the prime factors of h.
2, 29
Let z be 1/3 - (-10)/6. Suppose -z = -k + 6. What are the prime factors of k?
2
Let h(l) = 2*l**2 - 8*l + 9. Let c(g) = g**2 + 2*g + 3. Let z be c(-3). List the prime factors of h(z).
3, 11
Let c(n) = 9*n**2 - 3*n - 5. Let d be c(-4). Suppose -4*u - 4*k = -124, 4*u + 0*u - 5*k - d = 0. What are the prime factors of u?
2, 17
Suppose -2*m = 4*b - 2, -5*m + 5 = 3*b - 5*b. Suppose -6*l + 155 = -l + 5*z, 3*z - 9 = b. List the prime factors of l.
2, 7
Suppose 4*x + 18 = -18. Let j = 14 + x. List the prime factors of j.
5
List the prime factors of (1/(-3))/(-2 + (-2391)/(-1197)).
7, 19
Suppose -4*m + s + 4 + 5 = 0, -5*m = -5*s - 15. Suppose -2*q = -3*q + m. Suppose -5*c + y = -75, 0 = 3*c - q*c + 2*y - 4. List the prime factors of c.
2, 7
Let w(k) = 2*k**2 - 3*k - 5. What are the prime factors of w(7)?
2, 3
Let t(h) = -h**3 - 9*h**2 + 3*h + 6. What are the prime factors of t(-10)?
2, 19
Let d be 12/(-28) + (-8)/14. Suppose 5*x + 25 + 29 = -4*v, 3*v = -4*x - 44. Let u = d - x. What are the prime factors of u?
13
Suppose -l - 4 = -g, 0 = -4*l + 2*l + g - 4. Suppose l*u = -2*u. Suppose -4*k + k + 27 = u. List the prime factors of k.
3
Suppose 4*k + 206 = -170. List the prime factors of 4/14 - k/14.
7
Let l be ((-4)/(-4))/(-1 + 2). List the prime factors of (l/2)/(3/102).
17
Suppose 0 = -2*u + w + 599 - 158, -4*u - w = -879. List the prime factors of u.
2, 5, 11
Let m = 3 + -1. Let u be 2/m - (-2 - -1). What are the prime factors of 44/6 + u/3?
2
Suppose 0 = 5*z + 5, 2*n - 4*z = 67 + 15. What are the prime factors of n?
3, 13
Suppose -8*d + 3*d + 40 = 0. Suppose 5*j = 7*s - 2*s + 45, -3*j - 4*s = 1. Suppose -i + 5*b + 37 = 0, b = i + j*b + d. What are the prime factors of i?
2, 3
Let i(f) = 18*f**2 + f + 1. Let b be i(-1). Let q = b - 6. What are the prime factors of q/8*(7 - -1)?
2, 3
Let b = -19 - -57. What are the prime factors of b?
2, 19
Suppose u + 5*u = 30. List the prime factors of u.
5
Let j be 1 - (-4*1 + 1). Suppose -2*u - 3*y + 27 = 0, -y + 61 = j*u + u. What are the prime factors of u?
2, 3
Let f = 6 + -2. Suppose 2 + f = 3*q. List the prime factors of q.
2
Let n(b) = -b - 1. Let x be (1 + -6)*3/3. Let y(p) = p + 1. Let w(u) = x*n(u) - 7*y(u). List the prime factors of w(-6).
2, 5
Let o(x) = -4*x**3 + x**2 - x + 1. Let j be o(1). What are the prime factors of (5/(-2))/(j/24)?
2, 5
Let j(y) = -y**3 - 8*y**2 + 8*y - 6. Let b be j(-9). Suppose -5 - 7 = -b*g. What are the prime factors of g?
2
Suppose -2*i + 6 = m, -i + 4*m - 8 = -5*i. List the prime factors of i.
2
Suppose m - 1 = 1. Suppose -4*y + 1 = -g - 3, m*y - 14 = -g. What are the prime factors of g?
2
Let h be (-6)/9*(-30)/4. Suppose 2*b - 3*q - 51 = 0, -3*b - h*q = -49 + 1. What are the prime factors of b?
3, 7
Suppose -3*q + 7*q - 56 = 0. What are the prime factors of q?
2, 7
Let t = 50 + -29. Suppose 0 = -i + 4*i - t. What are the prime factors of i?
7
Let a(w) = -w**3 + 8*w**2 - 7*w + 7. Suppose 0 = 2*n - 5*k - 9, 0*n - 2*n + 3*k = -3. Let m be (2/n)/((-8)/84). What are the prime factors of a(m)?
7
Let o(t) = -t**2 + 6*t - 6. Let n be o(4). Suppose j = n + 2. Suppose 4*z + r = 44, j*z - 2*r = -0*r + 56. List the prime factors of z.
2, 3
Let r(x) = -11*x + 1. Let a(g) = -g - 1. Let f(y) = 2*a(y) - r(y). Let j(c) = 8*c - 2. Let n(i) = -5*f(i) + 6*j(i). List the prime factors of n(3).
2, 3
Suppose -l - 295 = -6*l. Let n = -29 + l. Suppose 6*z - 4*z = n. What are the prime factors of z?
3, 5
Let p(v) = -5*v**3 + 2*v**2 + 2*v + 1. Let x = -3 + 2. List the prime factors of p(x).
2, 3
Suppose -3*t - 13 = -55. What are the prime factors of t?
2, 7
Suppose 0 = -3*c - 111 + 348. What are the prime factors of c?
79
Let k = -168 - -241. What are the prime factors of k?
73
Let r be 9/15 - (-16)/(-10). List the prime factors of 13*(-1)/r - 2.
11
Let s be -4 + 3/(6/2). What are the prime factors of (-2 - s)*5 + 1?
2, 3
Let y = 114 - 23. What are the prime factors of y?
7, 13
Let s be 7 + 2 + -2 + 0. Suppose 5*n = 2*z - 4*z + 8, 3*z = -5*n + s. Suppose -n*o + 8 + 0 = 0. List the prime factors of o.
2
Let a(d) = 2*d**2 - 10*d - 46. What are the prime factors of a(-11)?
2, 3, 17
Suppose -187 = -a + 4*h, 2*a - 7*h + 10*h - 363 = 0. List the prime factors of a.
3, 61
Suppose 2*i + 1242 - 88 = 5*c, 0 = 3*c + i - 699. List the prime factors of c.
2, 29
Suppose a - 21 - 5 = 0. What are the prime factors of a?
2, 13
Let g(a) = a**2 - a + 12. Let d be g(0). Suppose -z + 4*k = d + 3, -k - 5 = -2*z. Suppose -5*q + 2*o - 4*o + 9 = 0, z*q + 3*o = 6. List the prime factors of q.
3
Let f = -3 + 12. Suppose 0*s + f = s. What are the prime factors of s?
3
Suppose -5*l - 9 = -2*l, -3*i = -4*l - 342. What are the prime factors of i?
2, 5, 11
Suppose 0 = 4*a - 3*l - 4, 2*a + l - 12 = -0*l. Let y(j) = j*